{"id":3506,"date":"2025-10-15T10:56:07","date_gmt":"2025-10-15T13:56:07","guid":{"rendered":"\/SiteCLIN\/?page_id=3506"},"modified":"2025-10-16T16:16:48","modified_gmt":"2025-10-16T19:16:48","slug":"lei-dos-conteineres","status":"publish","type":"page","link":"https:\/\/www.clin.rj.gov.br\/SiteCLIN\/?page_id=3506","title":{"rendered":"Lei dos Cont\u00eaineres"},"content":{"rendered":"\t\t<div data-elementor-type=\"wp-page\" data-elementor-id=\"3506\" class=\"elementor elementor-3506\" data-elementor-post-type=\"page\">\n\t\t\t\t<div class=\"elementor-element elementor-element-68562281 e-flex e-con-boxed e-con e-parent\" data-id=\"68562281\" data-element_type=\"container\">\n\t\t\t\t\t<div class=\"e-con-inner\">\n\t\t\t\t<div class=\"elementor-element elementor-element-213ff652 elementor-widget elementor-widget-heading\" data-id=\"213ff652\" data-element_type=\"widget\" data-widget_type=\"heading.default\">\n\t\t\t\t<div class=\"elementor-widget-container\">\n\t\t\t\t\t<h2 class=\"elementor-heading-title elementor-size-default\">Tudo o que voc\u00ea precisa saber sobre a<\/h2>\t\t\t\t<\/div>\n\t\t\t\t<\/div>\n\t\t\t\t<div class=\"elementor-element elementor-element-52f4f51d elementor-widget elementor-widget-heading\" data-id=\"52f4f51d\" data-element_type=\"widget\" data-widget_type=\"heading.default\">\n\t\t\t\t<div class=\"elementor-widget-container\">\n\t\t\t\t\t<h2 class=\"elementor-heading-title elementor-size-default\">Lei dos Cont\u00eaineres<\/h2>\t\t\t\t<\/div>\n\t\t\t\t<\/div>\n\t\t\t\t<div class=\"elementor-element elementor-element-5043d199 elementor-widget elementor-widget-heading\" data-id=\"5043d199\" data-element_type=\"widget\" data-widget_type=\"heading.default\">\n\t\t\t\t<div class=\"elementor-widget-container\">\n\t\t\t\t\t<h2 class=\"elementor-heading-title elementor-size-default\">Aqui voc\u00ea tira suas d\u00favidas sobre as novas regras da <strong>Lei n\u00ba 3.987\/2025 <\/strong> e entende como os condom\u00ednios podem se adequar de forma simples e correta. A mudan\u00e7a faz parte do compromisso de todos com uma cidade mais limpa, sustent\u00e1vel e organizada.\n<\/h2>\t\t\t\t<\/div>\n\t\t\t\t<\/div>\n\t\t\t\t\t<\/div>\n\t\t\t\t<\/div>\n\t\t<div class=\"elementor-element elementor-element-6d2d01c e-flex e-con-boxed e-con e-parent\" data-id=\"6d2d01c\" data-element_type=\"container\">\n\t\t\t\t\t<div class=\"e-con-inner\">\n\t\t\t\t<div class=\"elementor-element elementor-element-1313315 elementor-widget elementor-widget-html\" data-id=\"1313315\" data-element_type=\"widget\" data-widget_type=\"html.default\">\n\t\t\t\t<div class=\"elementor-widget-container\">\n\t\t\t\t\t<!-- ===== BOT\u00c3O DE DOWNLOAD ===== -->\r\n<a class=\"btn-download\" href=\"https:\/\/www.clin.rj.gov.br\/SiteCLIN\/wp-content\/uploads\/2025\/02\/Cartilha - Lei dos Cont\u00eaineres - Site Clin.pdf\" download>\r\n  \ud83d\udcc4 Clique aqui para baixar a cartilha\r\n<\/a>\r\n\r\n<style>\r\n  .btn-download {\r\n    display: inline-block;\r\n    padding: 14px 28px;\r\n    margin-top: 18px;\r\n    font-family: system-ui, -apple-system, Segoe UI, Roboto, Arial, sans-serif;\r\n    font-size: 1.05rem;\r\n    font-weight: 600;\r\n    color: #ffffff !important;         \/* texto branco fixo *\/\r\n    text-decoration: none;\r\n    background: linear-gradient(90deg, #79572E, #F68A01);\r\n    border-radius: 8px;\r\n    box-shadow: 0 4px 10px rgba(0,0,0,.15);\r\n    transition: transform .25s ease, box-shadow .25s ease, filter .25s ease;\r\n    text-align: center;\r\n  }\r\n\r\n  .btn-download:hover {\r\n    filter: brightness(1.08);\r\n    transform: translateY(-2px);\r\n    box-shadow: 0 6px 14px rgba(0,0,0,.2);\r\n    color: #ffffff !important;         \/* mant\u00e9m branco no hover *\/\r\n  }\r\n\r\n  .btn-download:active {\r\n    transform: translateY(0);\r\n    box-shadow: 0 3px 8px rgba(0,0,0,.15);\r\n    color: #ffffff !important;         \/* mant\u00e9m branco no clique *\/\r\n  }\r\n\r\n  @media (max-width:600px){\r\n    .btn-download {\r\n      display: block;\r\n      width: 100%;\r\n      font-size: 1rem;\r\n    }\r\n  }\r\n<\/style>\r\n\t\t\t\t<\/div>\n\t\t\t\t<\/div>\n\t\t\t\t\t<\/div>\n\t\t\t\t<\/div>\n\t\t<div class=\"elementor-element elementor-element-e1f91ba e-flex e-con-boxed e-con e-parent\" data-id=\"e1f91ba\" data-element_type=\"container\">\n\t\t\t\t\t<div class=\"e-con-inner\">\n\t\t\t\t<div class=\"elementor-element elementor-element-e7b3ff7 elementor-widget elementor-widget-html\" data-id=\"e7b3ff7\" data-element_type=\"widget\" data-widget_type=\"html.default\">\n\t\t\t\t<div class=\"elementor-widget-container\">\n\t\t\t\t\t<!-- ===== FAQ \u2013 Sanfona com degrad\u00ea (14 itens) ===== -->\r\n<style>\r\n  :root{\r\n    --faq-grad-left:#79572E;\r\n    --faq-grad-right:#F68A01;\r\n    --faq-text:#ffffff;\r\n    --faq-bg:#ffffff;\r\n    --faq-border:#ffffff;\r\n  }\r\n  .faq-accordion{\r\n    font-family: system-ui, -apple-system, Segoe UI, Roboto, Arial, sans-serif;\r\n    max-width: 1000px;\r\n    margin: 0 auto;\r\n    background: var(--faq-bg);\r\n    border-radius: 8px;\r\n    overflow: hidden;\r\n    box-shadow: 0 6px 20px rgba(0,0,0,.06);\r\n  }\r\n  .faq-item + .faq-item{ border-top: 2px solid var(--faq-border); }\r\n\r\n  .faq-q{\r\n    width: 100%;\r\n    text-align: left;\r\n    display: grid;\r\n    grid-template-columns: 22px 1fr; \/* FIX: reserva coluna do \u00edcone e deixa o texto el\u00e1stico *\/\r\n    align-items: center;\r\n    gap: .75rem;\r\n    padding: 18px 20px;\r\n    color: var(--faq-text);\r\n    background: linear-gradient(90deg, var(--faq-grad-left), var(--faq-grad-right));\r\n    border: 0;\r\n    cursor: pointer;\r\n    font-size: 1.05rem;\r\n    line-height: 1.35;\r\n  }\r\n  .faq-q:hover,.faq-q:focus-visible{ filter: brightness(1.07); outline: none; }\r\n\r\n  .faq-icon{\r\n    position: relative;\r\n    width: 22px; height: 22px; \/* FIX: acompanha a coluna do grid *\/\r\n    display: inline-grid; place-items: center;\r\n    font-weight: 700; font-size: 1.15rem; line-height: 1;\r\n  }\r\n  .faq-icon::before{ content: \"+\"; }\r\n  .faq-q[aria-expanded=\"true\"] .faq-icon::before{ content: \"\u2013\"; }\r\n\r\n  \/* FIX: permite o t\u00edtulo quebrar linhas dentro do grid *\/\r\n  .faq-q > span:nth-of-type(2){\r\n    min-width: 0;\r\n    white-space: normal;\r\n    overflow-wrap: anywhere;\r\n    word-break: normal;\r\n  }\r\n\r\n  .faq-a{\r\n    padding: 16px 20px 18px 44px;\r\n    background: #fff8ef;\r\n    color: #3b2a17;\r\n    font-size: .98rem;\r\n    border-top: 1px solid rgba(0,0,0,.06);\r\n    transition: max-height .3s ease, padding .3s ease;\r\n    max-height: 800px;\r\n  }\r\n  .faq-a[hidden]{ display: block; max-height: 0; padding-top: 0; padding-bottom: 0; overflow: hidden; }\r\n\r\n  \/* ajuste leve para mobile *\/\r\n  @media (max-width: 600px){\r\n    .faq-q{ font-size: 1rem; padding: 16px 16px; }\r\n  }\r\n<\/style>\r\n\r\n\r\n<div class=\"faq-accordion\" id=\"faqClin\">\r\n\r\n  <!-- ===== ITEM 1 ===== -->\r\n  <div class=\"faq-item\">\r\n    <button class=\"faq-q\" aria-expanded=\"false\" aria-controls=\"faq1\" id=\"faq1-button\">\r\n      <span class=\"faq-icon\" aria-hidden=\"true\"><\/span>\r\n      <span>Os cont\u00eaineres podem ser presos ao port\u00e3o?<\/span>\r\n    <\/button>\r\n    <div class=\"faq-a\" id=\"faq1\" role=\"region\" aria-labelledby=\"faq1-button\" hidden>\r\n      <p>Os equipamentos podem ser presos, desde que n\u00e3o obstruam o passeio p\u00fablico e sejam devidamente desprendidos no momento da passagem do caminh\u00e3o de coleta. Ou seja, o gari deve conseguir movimentar o cont\u00eainer at\u00e9 a rua e despejar seu conte\u00fado no caminh\u00e3o no momento da coleta. Ap\u00f3s a passagem do caminh\u00e3o e o recolhimento dos sacos, o condom\u00ednio dever\u00e1 guardar novamente os cont\u00eaineres.<\/p>\r\n    <\/div>\r\n  <\/div>\r\n\r\n  <!-- ===== ITEM 2 ===== -->\r\n  <div class=\"faq-item\">\r\n    <button class=\"faq-q\" aria-expanded=\"false\" aria-controls=\"faq2\" id=\"faq2-button\">\r\n      <span class=\"faq-icon\" aria-hidden=\"true\"><\/span>\r\n      <span>Os cont\u00eaineres podem ser presos ao poste em frente ao meu condom\u00ednio?<\/span>\r\n    <\/button>\r\n    <div class=\"faq-a\" id=\"faq2\" role=\"region\" aria-labelledby=\"faq2-button\" hidden>\r\n      <p>Os cont\u00eaineres somente poder\u00e3o ser fixados em postes localizados em frente ao condom\u00ednio quando n\u00e3o for poss\u00edvel prend\u00ea-los ao port\u00e3o ou mant\u00ea-los dentro da \u00e1rea interna. Nesses casos, dever\u00e3o ser dispostos no passeio p\u00fablico exclusivamente no momento da coleta realizada pelo caminh\u00e3o da Clin. Ressalta-se que o coletor da Clin deve ter plena mobilidade para conduzir o cont\u00eainer at\u00e9 a rua e esvazi\u00e1-lo no caminh\u00e3o. Ap\u00f3s a coleta, os cont\u00eaineres devem ser recolhidos para dentro do condom\u00ednio.<\/p>\r\n    <\/div>\r\n  <\/div>\r\n\r\n  <!-- ===== ITEM 3 ===== -->\r\n  <div class=\"faq-item\">\r\n    <button class=\"faq-q\" aria-expanded=\"false\" aria-controls=\"faq3\" id=\"faq3-button\">\r\n      <span class=\"faq-icon\" aria-hidden=\"true\"><\/span>\r\n      <span>Em caso de edif\u00edcios mistos, as lojas se enquadram na lei? S\u00e3o administra\u00e7\u00f5es distintas?<\/span>\r\n    <\/button>\r\n    <div class=\"faq-a\" id=\"faq3\" role=\"region\" aria-labelledby=\"faq3-button\" hidden>\r\n      <p>A nova Lei n\u00ba 3.987\/2025 traz altera\u00e7\u00f5es \u00e0 Lei n\u00ba 1.212\/1993, que institui o C\u00f3digo de Limpeza Urbana do Munic\u00edpio de Niter\u00f3i, apenas em quest\u00f5es referentes ao acondicionamento e \u00e0 disposi\u00e7\u00e3o de res\u00edduos para coleta residencial. O C\u00f3digo j\u00e1 previa, em seu \u00a71\u00ba do artigo 9\u00ba, a utiliza\u00e7\u00e3o de cont\u00eaineres, nesses mesmos moldes, para res\u00edduos urbanos em estabelecimentos comerciais, e essas regras permanecem sem altera\u00e7\u00f5es.<\/p>\r\n    <\/div>\r\n  <\/div>\r\n\r\n  <!-- ===== ITEM 4 ===== -->\r\n  <div class=\"faq-item\">\r\n    <button class=\"faq-q\" aria-expanded=\"false\" aria-controls=\"faq4\" id=\"faq4-button\">\r\n      <span class=\"faq-icon\" aria-hidden=\"true\"><\/span>\r\n      <span>Como proceder em locais sem funcion\u00e1rios, onde os moradores n\u00e3o conseguem colocar o cont\u00eainer para fora por alguma dificuldade ou quando os funcion\u00e1rios saem antes do hor\u00e1rio da passagem do caminh\u00e3o?<\/span>\r\n    <\/button>\r\n    <div class=\"faq-a\" id=\"faq4\" role=\"region\" aria-labelledby=\"faq4-button\" hidden>\r\n      <p>A legisla\u00e7\u00e3o \u00e9 de cumprimento obrigat\u00f3rio para todas as edifica\u00e7\u00f5es multifamiliares, cabendo \u00e0 administra\u00e7\u00e3o do condom\u00ednio ajustar sua equipe e seus procedimentos para garantir o atendimento \u00e0s determina\u00e7\u00f5es legais. Cabe ressaltar que a utiliza\u00e7\u00e3o de cont\u00eainer traz diversos benef\u00edcios ao cidad\u00e3o, como a preven\u00e7\u00e3o da presen\u00e7a de animais indesej\u00e1veis e a redu\u00e7\u00e3o da prolifera\u00e7\u00e3o de doen\u00e7as. Neste momento, a fiscaliza\u00e7\u00e3o da empresa atuar\u00e1 com o intuito de orientar os condom\u00ednios sobre a nova legisla\u00e7\u00e3o. <\/p>\r\n    <\/div>\r\n  <\/div>\r\n\r\n  <!-- ===== ITEM 5 ===== -->\r\n  <div class=\"faq-item\">\r\n    <button class=\"faq-q\" aria-expanded=\"false\" aria-controls=\"faq5\" id=\"faq5-button\">\r\n      <span class=\"faq-icon\" aria-hidden=\"true\"><\/span>\r\n      <span>Como ser\u00e1 realizada a fiscaliza\u00e7\u00e3o e a aplica\u00e7\u00e3o de multas?<\/span>\r\n    <\/button>\r\n    <div class=\"faq-a\" id=\"faq5\" role=\"region\" aria-labelledby=\"faq5-button\" hidden>\r\n      <p>   Dentro dos par\u00e2metros da lei, a fiscaliza\u00e7\u00e3o da Clin atuar\u00e1, principalmente, com o intuito de orientar os condom\u00ednios sobre a nova legisla\u00e7\u00e3o, em car\u00e1ter educativo e de conscientiza\u00e7\u00e3o. A utiliza\u00e7\u00e3o de cont\u00eaineres traz diversos benef\u00edcios ao cidad\u00e3o, como a preven\u00e7\u00e3o da presen\u00e7a de animais indesej\u00e1veis, a redu\u00e7\u00e3o da prolifera\u00e7\u00e3o de doen\u00e7as e a contribui\u00e7\u00e3o para uma cidade mais limpa e bem cuidada. <\/p>\r\n    <\/div>\r\n  <\/div>\r\n\r\n  <!-- ===== ITEM 6 ===== -->\r\n  <div class=\"faq-item\">\r\n    <button class=\"faq-q\" aria-expanded=\"false\" aria-controls=\"faq6\" id=\"faq6-button\">\r\n      <span class=\"faq-icon\" aria-hidden=\"true\"><\/span>\r\n      <span>O que fazer em caso de roubo ou furto?<\/span>\r\n    <\/button>\r\n    <div class=\"faq-a\" id=\"faq6\" role=\"region\" aria-labelledby=\"faq6-button\" hidden>\r\n      <p>  Os equipamentos adquiridos s\u00e3o considerados bens privados, sendo, portanto, de responsabilidade de cada edifica\u00e7\u00e3o. Recomenda-se que os cont\u00eaineres sejam devidamente identificados (por meio de adesivos ou grava\u00e7\u00f5es) como patrim\u00f4nio do condom\u00ednio, que suas respectivas notas fiscais sejam arquivadas e que, em caso de avaria ou furto, seja registrado boletim de ocorr\u00eancia na delegacia competente.\r\n\r\n   Para mais informa\u00e7\u00f5es sobre esse procedimento, entre em contato com a Ouvidoria da Clin (0800 367 9100) ou pelo aplicativo Colab.<\/p>\r\n    <\/div>\r\n  <\/div>\r\n\r\n  <!-- ===== ITEM 7 ===== -->\r\n  <div class=\"faq-item\">\r\n    <button class=\"faq-q\" aria-expanded=\"false\" aria-controls=\"faq7\" id=\"faq7-button\">\r\n      <span class=\"faq-icon\" aria-hidden=\"true\"><\/span>\r\n      <span>Como proceder nos locais em que o caminh\u00e3o passa de madrugada?<\/span>\r\n    <\/button>\r\n    <div class=\"faq-a\" id=\"faq7\" role=\"region\" aria-labelledby=\"faq7-button\" hidden>\r\n      <p>   O condom\u00ednio deve aguardar a passagem do caminh\u00e3o de coleta para recolher os cont\u00eaineres ou, alternativamente, recolh\u00ea-los no dia seguinte, antes das 7h.<\/p>\r\n    <\/div>\r\n  <\/div>\r\n\r\n  <!-- ===== ITEM 8 ===== -->\r\n  <div class=\"faq-item\">\r\n    <button class=\"faq-q\" aria-expanded=\"false\" aria-controls=\"faq8\" id=\"faq8-button\">\r\n      <span class=\"faq-icon\" aria-hidden=\"true\"><\/span>\r\n      <span>Posso utilizar outras alternativas que n\u00e3o sejam o cont\u00eainer? Posso construir, do lado de fora do meu condom\u00ednio, um espa\u00e7o para guardar o lixo?<\/span>\r\n    <\/button>\r\n    <div class=\"faq-a\" id=\"faq8\" role=\"region\" aria-labelledby=\"faq8-button\" hidden>\r\n      <p>   Qualquer res\u00edduo est\u00e1 proibido de ser disponibilizado nas vias fora de cont\u00eaineres com tampa e rodas. Alternativamente, os res\u00edduos podem ser mantidos em sacos pl\u00e1sticos dentro do condom\u00ednio e entregues em m\u00e3os aos coletores no momento da passagem do caminh\u00e3o de coleta. \r\n\r\n   Qualquer altera\u00e7\u00e3o nas estruturas do im\u00f3vel n\u00e3o cabe \u00e0 Clin se manifestar sobre. Recomendamos aten\u00e7\u00e3o \u00e0 legisla\u00e7\u00e3o urban\u00edstica e ao C\u00f3digo de Posturas do Munic\u00edpio, que define as regras e normas para a ocupa\u00e7\u00e3o e uso do espa\u00e7o p\u00fablico. O artigo 93 dessa lei, que trata especificamente dos passeios, estabelece a responsabilidade do propriet\u00e1rio ou ocupante do im\u00f3vel pela constru\u00e7\u00e3o e manuten\u00e7\u00e3o do passeio em frente \u00e0 sua propriedade.<\/p>\r\n    <\/div>\r\n  <\/div>\r\n\r\n  <!-- ===== ITEM 9 ===== -->\r\n  <div class=\"faq-item\">\r\n    <button class=\"faq-q\" aria-expanded=\"false\" aria-controls=\"faq9\" id=\"faq9-button\">\r\n      <span class=\"faq-icon\" aria-hidden=\"true\"><\/span>\r\n      <span>Pode ser utilizado outro tamanho de saco e\/ou cont\u00eainer?<\/span>\r\n    <\/button>\r\n    <div class=\"faq-a\" id=\"faq9\" role=\"region\" aria-labelledby=\"faq9-button\" hidden>\r\n      <p>  Neste primeiro momento, a Clin est\u00e1 avaliando a possibilidade de propor ajustes na legisla\u00e7\u00e3o. Como a a\u00e7\u00e3o fiscalizat\u00f3ria ainda possui car\u00e1ter educativo, estamos aceitando, provisoriamente, sacos de at\u00e9 100 litros e cont\u00eaineres com capacidade de at\u00e9 1.100 litros desde que possuam tampa, rodas e n\u00e3o obstruam o passeio p\u00fablico.\r\n\r\n   Essas dimens\u00f5es garantem um recolhimento eficiente e seguro, respeitando as normas de ergonomia e preservando a integridade f\u00edsica dos colaboradores. Refor\u00e7amos que nossa principal finalidade \u00e9 atender ao interesse coletivo e contribuir para uma cidade mais limpa, organizada e sustent\u00e1vel.<\/p>\r\n    <\/div>\r\n  <\/div>\r\n\r\n  <!-- ===== ITEM 10 ===== -->\r\n  <div class=\"faq-item\">\r\n    <button class=\"faq-q\" aria-expanded=\"false\" aria-controls=\"faq10\" id=\"faq10-button\">\r\n      <span class=\"faq-icon\" aria-hidden=\"true\"><\/span>\r\n      <span>Caso os sacos sejam rasgados por interfer\u00eancia de terceiros entre a coloca\u00e7\u00e3o dos cont\u00eaineres e a coleta, de quem \u00e9 a responsabilidade? <\/span>\r\n    <\/button>\r\n    <div class=\"faq-a\" id=\"faq10\" role=\"region\" aria-labelledby=\"faq10-button\" hidden>\r\n      <p>   A CLIN reconhece que equipamentos instalados em vias p\u00fablicas podem estar sujeitos \u00e0 interfer\u00eancia de terceiros, o que eventualmente pode resultar em notifica\u00e7\u00f5es ao condom\u00ednio. Ressaltamos que as primeiras notifica\u00e7\u00f5es ter\u00e3o car\u00e1ter informativo e educativo. \r\n\r\n  Em casos de reincid\u00eancia, o condom\u00ednio poder\u00e1 se resguardar por meio de registros fotogr\u00e1ficos ou em v\u00eddeo que comprovem a correta disponibiliza\u00e7\u00e3o dos res\u00edduos, conforme determina a legisla\u00e7\u00e3o, antes de qualquer interven\u00e7\u00e3o externa. \u00c9 importante destacar que a cidade possui hor\u00e1rios espec\u00edficos de coleta por bairro, cabendo ao condom\u00ednio dispor os cont\u00eaineres nos dias e hor\u00e1rios corretos. \r\n\r\n   Vale lembrar que a Clin realiza tamb\u00e9m a coleta seletiva, uma excelente oportunidade para que o seu condom\u00ednio adote pr\u00e1ticas sustent\u00e1veis, reduzindo o volume de res\u00edduos destinados \u00e0 coleta domiciliar. Para participar do programa, basta solicitar o \u201ccadastramento na coleta seletiva\u201d por meio da Ouvidoria da Clin (0800 367 9100) ou pelo aplicativo Colab. Assim, o condom\u00ednio poder\u00e1 organizar seus res\u00edduos e contribuir diretamente para uma cidade mais limpa e saud\u00e1vel. Respons\u00e1veis por pr\u00e9dios que j\u00e1 participam da coleta seletiva relatam que, ap\u00f3s a ades\u00e3o ao programa e a separa\u00e7\u00e3o correta dos recicl\u00e1veis, houve uma redu\u00e7\u00e3o significativa na ocorr\u00eancia de sacos rasgados no local.<\/p>\r\n    <\/div>\r\n  <\/div>\r\n\r\n  <!-- ===== ITEM 11 ===== -->\r\n  <div class=\"faq-item\">\r\n    <button class=\"faq-q\" aria-expanded=\"false\" aria-controls=\"faq11\" id=\"faq11-button\">\r\n      <span class=\"faq-icon\" aria-hidden=\"true\"><\/span>\r\n      <span>O meu condom\u00ednio gera muito lixo e, mesmo que eu coloque v\u00e1rios cont\u00eaineres, ainda assim n\u00e3o ser\u00e1 suficiente para armazenar todos os res\u00edduos. O que devo fazer?<\/span>\r\n    <\/button>\r\n    <div class=\"faq-a\" id=\"faq11\" role=\"region\" aria-labelledby=\"faq11-button\" hidden>\r\n      <p>  A nova Lei dos Cont\u00eaineres estabelece diretrizes para o correto acondicionamento dos res\u00edduos s\u00f3lidos, prevenindo a prolifera\u00e7\u00e3o de vetores, reduzindo riscos sanit\u00e1rios e contribuindo para a conserva\u00e7\u00e3o da limpeza urbana. A medida organiza o descarte e mant\u00e9m os res\u00edduos acondicionados de forma adequada at\u00e9 a coleta.\r\n\r\n   Como a a\u00e7\u00e3o fiscalizat\u00f3ria ainda possui car\u00e1ter educativo, a Clin est\u00e1 aceitando, provisoriamente, cont\u00eaineres com capacidade de at\u00e9 1.100 litros, desde que possuam tampa, rodas e n\u00e3o obstruam o passeio p\u00fablico.\r\n\r\n Ressalta-se que a Clin tamb\u00e9m realiza coleta seletiva, iniciativa que reduz o volume de res\u00edduos destinados \u00e0 coleta domiciliar e promove pr\u00e1ticas sustent\u00e1veis. Para aderir, basta solicitar o cadastramento por meio da Ouvidoria da CLIN (0800 367 9100) ou pelo aplicativo Colab.<\/p>\r\n    <\/div>\r\n  <\/div>\r\n\r\n  <!-- ===== ITEM 12 ===== -->\r\n  <div class=\"faq-item\">\r\n    <button class=\"faq-q\" aria-expanded=\"false\" aria-controls=\"faq12\" id=\"faq12-button\">\r\n      <span class=\"faq-icon\" aria-hidden=\"true\"><\/span>\r\n      <span>O meu condom\u00ednio n\u00e3o tem espa\u00e7o para armazenar cont\u00eaineres, mas o condom\u00ednio vizinho concordou em guardar o meu. Isso \u00e9 permitido?<\/span>\r\n    <\/button>\r\n    <div class=\"faq-a\" id=\"faq12\" role=\"region\" aria-labelledby=\"faq12-button\" hidden>\r\n      <p>   O principal objetivo da nova regra \u00e9 evitar que o lixo seja colocado diretamente no ch\u00e3o. Se o condom\u00ednio utilizar o cont\u00eainer de um vizinho, a adequa\u00e7\u00e3o j\u00e1 ser\u00e1 considerada suficiente, desde que o equipamento seja utilizado corretamente. A medida busca proteger a sa\u00fade p\u00fablica e o meio ambiente, minimizando a exposi\u00e7\u00e3o a agentes patog\u00eanicos e prevenindo a prolifera\u00e7\u00e3o de pragas e vetores de doen\u00e7as.\r\n\r\n  Em situa\u00e7\u00f5es de irregularidades envolvendo cont\u00eaineres compartilhados, a responsabilidade ser\u00e1 solid\u00e1ria entre todos os usu\u00e1rios do equipamento.<\/p>\r\n    <\/div>\r\n  <\/div>\r\n\r\n  <!-- ===== ITEM 13 ===== -->\r\n  <div class=\"faq-item\">\r\n    <button class=\"faq-q\" aria-expanded=\"false\" aria-controls=\"faq13\" id=\"faq13-button\">\r\n      <span class=\"faq-icon\" aria-hidden=\"true\"><\/span>\r\n      <span>Em caso de casas de vila, como proceder?<\/span>\r\n    <\/button>\r\n    <div class=\"faq-a\" id=\"faq13\" role=\"region\" aria-labelledby=\"faq13-button\" hidden>\r\n      <p>   As vilas fechadas (aquelas com port\u00f5es que restringem o acesso exclusivamente aos moradores) devem adequar suas equipes e procedimentos de modo a garantir o cumprimento das determina\u00e7\u00f5es legais. Ressalta-se que a utiliza\u00e7\u00e3o de cont\u00eaineres proporciona diversos benef\u00edcios \u00e0 popula\u00e7\u00e3o, como a redu\u00e7\u00e3o da presen\u00e7a de animais indesej\u00e1veis e a preven\u00e7\u00e3o de doen\u00e7as. Neste momento, a fiscaliza\u00e7\u00e3o da Companhia atuar\u00e1 com car\u00e1ter educativo, com o objetivo de esclarecer e orientar todos os mun\u00edcipes sobre a nova legisla\u00e7\u00e3o.<\/p>\r\n    <\/div>\r\n  <\/div>\r\n\r\n  <!-- ===== ITEM 14 ===== -->\r\n  <div class=\"faq-item\">\r\n    <button class=\"faq-q\" aria-expanded=\"false\" aria-controls=\"faq14\" id=\"faq14-button\">\r\n      <span class=\"faq-icon\" aria-hidden=\"true\"><\/span>\r\n      <span>N\u00e3o encontrei minha pergunta na lista.<\/span>\r\n    <\/button>\r\n    <div class=\"faq-a\" id=\"faq14\" role=\"region\" aria-labelledby=\"faq14-button\" hidden>\r\n      <p>Por favor, entre em contato com a ouvidoria da Clin em algum dos canais:\r\n\r\nWhatsapp\r\n\r\n\/ Ouvidoria: 0800 367 9100<\/p>\r\n    <\/div>\r\n  <\/div>\r\n\r\n<\/div>\r\n\r\n<script>\r\n(function(){\r\n  const acc = document.querySelectorAll('#faqClin .faq-q');\r\n  acc.forEach(btn => {\r\n    btn.addEventListener('click', () => {\r\n      const expanded = btn.getAttribute('aria-expanded') === 'true';\r\n      const panel = document.getElementById(btn.getAttribute('aria-controls'));\r\n      btn.setAttribute('aria-expanded', String(!expanded));\r\n      if(expanded){\r\n        panel.setAttribute('hidden', '');\r\n      }else{\r\n        acc.forEach(b=>{\r\n          if(b!==btn && b.getAttribute('aria-expanded')==='true'){\r\n            b.setAttribute('aria-expanded','false');\r\n            const p = document.getElementById(b.getAttribute('aria-controls'));\r\n            p.setAttribute('hidden','');\r\n          }\r\n        });\r\n        panel.removeAttribute('hidden');\r\n      }\r\n    });\r\n  });\r\n})();\r\n<\/script>\r\n\t\t\t\t<\/div>\n\t\t\t\t<\/div>\n\t\t\t\t\t<\/div>\n\t\t\t\t<\/div>\n\t\t\t\t<\/div>\n\t\t","protected":false},"excerpt":{"rendered":"<p>Tudo o que voc\u00ea precisa saber sobre a Lei dos Cont\u00eaineres Aqui voc\u00ea tira suas d\u00favidas sobre as novas regras da Lei n\u00ba 3.987\/2025 e entende como os condom\u00ednios podem se adequar de forma simples e correta. A mudan\u00e7a faz parte do compromisso de todos com uma cidade mais limpa, sustent\u00e1vel e organizada. \ud83d\udcc4 Clique [&hellip;]<\/p>\n","protected":false},"author":4,"featured_media":0,"parent":0,"menu_order":0,"comment_status":"closed","ping_status":"closed","template":"","meta":{"footnotes":""},"class_list":["post-3506","page","type-page","status-publish","hentry"],"_links":{"self":[{"href":"https:\/\/www.clin.rj.gov.br\/SiteCLIN\/index.php?rest_route=\/wp\/v2\/pages\/3506","targetHints":{"allow":["GET"]}}],"collection":[{"href":"https:\/\/www.clin.rj.gov.br\/SiteCLIN\/index.php?rest_route=\/wp\/v2\/pages"}],"about":[{"href":"https:\/\/www.clin.rj.gov.br\/SiteCLIN\/index.php?rest_route=\/wp\/v2\/types\/page"}],"author":[{"embeddable":true,"href":"https:\/\/www.clin.rj.gov.br\/SiteCLIN\/index.php?rest_route=\/wp\/v2\/users\/4"}],"replies":[{"embeddable":true,"href":"https:\/\/www.clin.rj.gov.br\/SiteCLIN\/index.php?rest_route=%2Fwp%2Fv2%2Fcomments&post=3506"}],"version-history":[{"count":177,"href":"https:\/\/www.clin.rj.gov.br\/SiteCLIN\/index.php?rest_route=\/wp\/v2\/pages\/3506\/revisions"}],"predecessor-version":[{"id":3725,"href":"https:\/\/www.clin.rj.gov.br\/SiteCLIN\/index.php?rest_route=\/wp\/v2\/pages\/3506\/revisions\/3725"}],"wp:attachment":[{"href":"https:\/\/www.clin.rj.gov.br\/SiteCLIN\/index.php?rest_route=%2Fwp%2Fv2%2Fmedia&parent=3506"}],"curies":[{"name":"wp","href":"https:\/\/api.w.org\/{rel}","templated":true}]}}